(-1932)/667). Calculate the highest common factor of q and t.
5
Let b(r) be the first derivative of 141*r**2/2 - 23*r - 221. Let i be b(5). Calculate the highest common divisor of 62 and i.
62
Let o be (-3 - (-12)/20)/(1/(-5)). Suppose 0 = -l - o + 59. Let n = -44 + l. Calculate the greatest common divisor of n and 3.
3
Let v = 84 + -72. Let y = -313 - -685. Calculate the greatest common divisor of y and v.
12
Let d be (2 - -10)*(-30)/(10/2). Let r = d - -141. Let y = -8 - -31. What is the highest common factor of r and y?
23
Let n be (10/(-4))/(680/(-18224)). What is the greatest common divisor of n and 2881?
67
Let a be (-5 + 585/(-36))/(((-15)/3)/120). What is the highest common divisor of 480 and a?
30
Suppose 1136 = 600*c - 598*c - 2*f, -2268 = -4*c + 3*f. Calculate the greatest common factor of c and 136.
4
Suppose -5*o + 12*o + 1824 = 10*o. Calculate the highest common divisor of 532 and o.
76
Suppose 0 = 5*i - 5*a - 55, a + a = -4*i + 74. Suppose -10*d = -i*d + 6. Calculate the highest common factor of d and 64.
1
Suppose -2*x - 3*w - 150 = -198, 5*w - 90 = -4*x. Calculate the greatest common factor of x and 655.
5
Let b = 113880 + -75290. Calculate the greatest common divisor of b and 170.
170
Suppose 0 = 4*f - 2*i - 84, 640 - 556 = 4*f + 3*i. Let l = 33 - -6. Let h = l + f. Calculate the greatest common divisor of h and 120.
60
Suppose -75*w + 690 = -360. Calculate the greatest common divisor of w and 20363.
7
Suppose 0*p = 2*p - 88. Let u be ((-272)/(-102))/(-1*6/(-2*9)). What is the greatest common factor of p and u?
4
Suppose 14*s + 8*s - 94050 = -11*s. What is the greatest common factor of s and 60?
30
Suppose -k = k - 30. Suppose 3*b = 6*v + 84, 63*b = 61*b - 2*v + 62. What is the greatest common divisor of b and k?
15
Suppose 67*k + 78*k - 4774 = -424. Suppose 4*n + 5*t - 565 = 0, -4*n + 4*t - 425 = -7*n. What is the greatest common factor of k and n?
15
Let r(l) = -17*l - 4. Let f be r(4). Suppose 6*d - 466 = -2*c, -124*d + 360 = -119*d - 4*c. Let x = d + f. What is the greatest common factor of 2 and x?
2
Let i(l) = 4*l**3 + 110*l**2 - 66*l - 120. Let z be i(-25). What is the highest common factor of z and 20?
20
Suppose -g = -12 - 30. Let y be 10/(2/1 + (-360)/170). Let a = y + 141. What is the greatest common divisor of g and a?
14
Suppose 4670 = 12*a + 254. Let h(o) = -6*o**3 + 46*o**2 + 17*o + 15. Let i be h(8). Calculate the highest common factor of i and a.
23
Let b = -21221 + 22331. What is the highest common factor of b and 1443?
111
Suppose 0 = -4*l - 3*t + 69, 0 = 3*l - 2*t - 62 + 23. Let a be 75/6*(-108)/(-30). Let u be 1/(3/a + 0). Calculate the highest common divisor of u and l.
15
Let b = -699 - -1129. Let o be (b/25)/((-1)/(-5)). Calculate the greatest common factor of 215 and o.
43
Let d(f) = -f**2 + 91*f - 988. Let l be d(15). What is the highest common divisor of 24 and l?
8
Let r(f) = -3*f**3 - f**2 + 3. Let p be r(-3). Let w = -48 + p. Suppose 0 = 7*l - 299 + 236. What is the greatest common factor of w and l?
9
Let t be (3/(-12))/(164/(-26896)). Let l be ((-102)/12)/(1/(-82)). What is the greatest common divisor of l and t?
41
Suppose -2*c - 34 + 10 = 3*j, j + 8 = 4*c. Let t(i) = 2*i**2 + 9*i - 32. Let q be t(j). Calculate the highest common factor of 264 and q.
24
Let b(g) = -g**3 + 16*g**2 - 104*g + 1147. Let r be b(13). Calculate the greatest common divisor of r and 19781.
151
Let p be 1/((-1)/(-405)) + 59 + -35 + -16. Calculate the highest common divisor of p and 49.
7
Let l = -5 + 9. Let f be (-1 + l)/(21/175). Let u be ((-45)/6 - -5)*2*-1. Calculate the highest common factor of u and f.
5
Let i = 29 + -53. Let r be 9/(54/i) + (-5 - -25). What is the highest common divisor of 432 and r?
16
Let u(t) = -t**2 + 14*t - 41. Let w be u(9). What is the greatest common factor of w and 3188?
4
Suppose 2*l + 2*r = 14, 0 = -3*l + 3*r - 9 - 0. Suppose 23*b - 212 = -l*d + 27*b, -4*d = b - 406. What is the greatest common factor of 102 and d?
102
Let i(p) = -132*p + 124. Let c(l) = -43*l + 41. Let m(o) = 17*c(o) - 6*i(o). Let g be m(11). What is the highest common factor of g and 48?
48
Let k = -214 - -1426. What is the highest common divisor of k and 24?
12
Let b(q) = -q + 7. Let x be b(6). Let s(a) = -a**2 + 11*a - 28. Let h be s(4). Suppose 14*f - 18 + 4 = h. Calculate the greatest common divisor of x and f.
1
Let w = 2912 - 502. Calculate the greatest common factor of w and 10.
10
Let u(r) = -r**3 + 41*r**2 + 36*r + 82. Let s be u(42). Let p = s - -174. Let g(t) = -2*t - 4. Let q be g(-3). What is the greatest common factor of p and q?
2
Let l be 22/33 - (-223)/3. What is the greatest common divisor of 3 and l?
3
Let z(y) = -y**3 - 61*y**2 - 85*y - 449. Let f be z(-61). Calculate the highest common divisor of 185 and f.
37
Suppose 0 = 2*i + 1561 - 2419. Calculate the greatest common factor of 341 and i.
11
Let p(w) = w**3 - 35*w**2 - 19*w - 106. Let q be p(36). Let f = q - 399. What is the greatest common divisor of 1712 and f?
107
Suppose 34*l + 199*l - 1576944 = 0. Calculate the greatest common factor of l and 63.
9
Suppose -5*y + 86 = -0*y - 164. What is the highest common factor of 320 and y?
10
Let n(t) = t**2 + t + 116. Let q be n(0). Let l be 34 + 0 + 22936/47. What is the greatest common divisor of q and l?
58
Suppose 140*h - 365000 = 63*h - 69*h. Calculate the greatest common divisor of 375 and h.
125
Let l be (3 + (-2)/(-3))*12. Suppose 2*b = -4*w + l, 4*b = w - 3 + 1. What is the highest common divisor of 14 and w?
2
Suppose -9*a + 30 = 66. Let u be (2/a)/(1/(-48)). Calculate the greatest common divisor of u and 48.
24
Let d = -16352 - -17027. What is the greatest common divisor of d and 93?
3
Let s be (-2)/9 - (-9584)/36. Suppose 2*y = -u + 271, -8*u = -2*y - 4*u + s. Calculate the greatest common factor of 15 and y.
15
Let v(l) = l**3 - 7*l**2 + 11*l - 4. Let i be (-4)/6*-5*(-6)/(-4). Let t be v(i). Calculate the greatest common divisor of t and 2.
1
Suppose 0 = -4*c + 4*z + 16140, 4*z - 16128 = -4*c + 5*z. Calculate the highest common factor of c and 87.
29
Let x = -320 - -694. What is the greatest common factor of x and 561?
187
Let v be -65*((-3)/(-15))/((-1)/3). Suppose 0 = -119*r + 118*r + v. What is the greatest common factor of r and 91?
13
Let p = 46477 - 46473. Suppose 5*j - 2 = 3*j. What is the highest common divisor of j and p?
1
Let b be ((-3 + 30)*-1)/(3/(-4)). Let f = 6 + b. Suppose -f = -3*c + 27. Calculate the highest common divisor of 69 and c.
23
Suppose a + 2*a - 3*x = -8229, a + 3*x + 2731 = 0. Let k be a/(-18) + (-68)/306. Calculate the highest common factor of 19 and k.
19
Let y = -4918 + 14767. What is the highest common factor of y and 441?
147
Suppose -5*x = -x - 5*z - 273, 4*x = 4*z + 268. Let u = x - 52. Calculate the highest common divisor of u and 45.
5
Let n be (-28)/(-5) + (-4)/(-10). Suppose 66*a - 63*a - 18 = 4*k, k = -a + 6. Calculate the highest common factor of a and n.
6
Suppose 28 = 20*p - 13*p. Suppose 2*x + 3*i - 298 = 0, p*x = -0*x - 4*i + 588. Calculate the highest common divisor of 26 and x.
13
Let l be ((-9)/(2 - 11))/((-2)/(-150)). Let g = l + 575. Calculate the greatest common factor of 50 and g.
50
Suppose 2*x - 3*f = 2, -4*x = -0*x - 2*f - 12. Let j be (x/6)/(-2) - 803/(-33). What is the greatest common factor of j and 156?
12
Let n be 156/(-12) + 104 + 3 + -1. Let f(i) = -3*i - 9. Let k be f(-4). Suppose 3*o + k - 189 = 0. What is the greatest common divisor of o and n?
31
Let b(h) = h**3 + 14*h**2 - 50*h - 316. Let m be b(-6). What is the greatest common factor of 656 and m?
16
Let a = 2793 - -6110. Calculate the greatest common factor of a and 29.
29
Let m be (-16833)/(-11) - (-9)/(-1485)*45. Calculate the highest common factor of m and 30.
30
Suppose -2*o + 0*n + n = -5, -n - 1 = 0. Suppose -4 = -2*q + 2*v, -o*q = q + v - 14. Suppose q*z - 149 = 1111. What is the greatest common divisor of z and 35?
35
Let q be (-3)/(((-25)/5)/(-5)) + 17. Let m be (-2)/(q/(-6) + 3) + 51. What is the highest common divisor of m and 6?
6
Let c be (-1354)/(-30) + (12122/435 - 28). What is the greatest common factor of 690 and c?
15
Suppose 0 = 3*w - h - 300, 0 = 2*w + 7*h - 6*h - 200. Suppose -3*d - 95 = -4*d - 5*l, 0 = d + 2*l - 86. What is the greatest common